n 2/4 - s/2 is divided by 12?
11
Suppose 17*o = 6*o + 583. Calculate the remainder when o is divided by 28.
25
Suppose 4*b - 10 = 2. Suppose -b*v - 5*l = -0*v - 73, -3*v + 28 = -4*l. Let j = 74 - 44. Calculate the remainder when j is divided by v.
14
Let k(m) = -m**2 - 7*m - 2. Let r(j) = 6*j**2 + 35*j + 11. Let o(b) = -11*k(b) - 2*r(b). What is the remainder when 45 is divided by o(4)?
9
Calculate the remainder when 139 is divided by ((-70)/(-4))/(21/42).
34
What is the remainder when 57 is divided by (1/(-2))/(1/(-20))?
7
Let s be (108/(-2))/((-8)/12). Suppose -3*m + s = -24. Suppose -23 = -2*r + k, -3*k + 39 = -r + 4*r. What is the remainder when m is divided by r?
11
Let u(t) = t**2 + 13*t - 12. Let r be u(-14). Suppose 5*b = -2*n + r*b + 147, -4*n + 304 = 4*b. Calculate the remainder when n is divided by 28.
25
Suppose -3*l - 5*o + 15 + 1 = 0, 5*o = -2*l + 4. What is the remainder when 71 is divided by l?
11
Suppose -n + 3*w + 2 = 0, -3*w = -n + 3*n - 40. What is the remainder when 40 is divided by n?
12
Let i be 2/5 + 772/20. Suppose -4*j = -i - 49. What is the remainder when j is divided by 8?
6
Let k(x) = x**3 - 3*x**2 - 16*x + 5. What is the remainder when k(7) is divided by 23?
20
Suppose -4*q + 4*g = 5*g - 48, -3*g + 53 = 5*q. Calculate the remainder when 90 is divided by q.
12
Suppose g + 3*g = 0. Let t(v) = v**2 - v. Let b be t(g). Suppose b*y = -4*y + 80. What is the remainder when y is divided by 8?
4
Suppose -2*s - 670 = -7*s. Suppose s = 3*t - 199. Calculate the remainder when t/9 - 1/3 is divided by 7.
5
Let p = 63 - -44. What is the remainder when p is divided by 27?
26
Let f(z) = -z**3 - 2*z**2 + 2*z + 3. Suppose 4*a = -h + 2*h - 21, -2*a - 53 = -3*h. Calculate the remainder when h is divided by f(-3).
5
Let h(j) = -5*j - 8. Let s(b) = -b**3 + 13*b**2 - 12*b + 12. What is the remainder when h(-6) is divided by s(12)?
10
Suppose 2*r = 8*r - 102. Calculate the remainder when 66 is divided by r.
15
Let s(u) be the third derivative of 7*u**4/24 - u**3/6 - 3*u**2. What is the remainder when s(5) is divided by 9?
7
Let p(x) = 6*x**2 + x. Let z be p(-2). Suppose o = 3*o + v - z, 3*o - 35 = -v. What is the remainder when 24 is divided by o?
11
Suppose 0 = 4*k - 5*k + 8. Let j be ((-4)/8)/((-1)/2). Let c = j + k. Calculate the remainder when 25 is divided by c.
7
Let d be (-40)/(-22) - 2/(-11). Suppose -7*p + d*n + 26 = -4*p, -p + 4*n + 22 = 0. Suppose 0 = 3*l - 25 - 8. What is the remainder when l is divided by p?
5
Let v(n) = 3*n - 2. Let b be (3 - -1) + -1 + 1. Let j(w) = 29*w**2. What is the remainder when j(-1) is divided by v(b)?
9
Let x(a) = -6*a - 9. What is the remainder when 179 is divided by x(-9)?
44
Calculate the remainder when 7 is divided by (-8)/(-10)*(-3 - 11/(-2)).
1
Suppose 0*a + 6 = a + v, a + 3*v - 2 = 0. Suppose 2*t + 33 = h + 5, 4*t = 4*h - 100. Calculate the remainder when h is divided by a.
6
Suppose -11 = -2*p - 5*z + 3, -p + 3*z + 7 = 0. Let m = 10 - p. What is the remainder when 9 is divided by m?
0
Suppose -120 = -4*x + 12. What is the remainder when x is divided by 9?
6
Let d = 30 + -18. What is the remainder when d is divided by 3?
0
Let o = -28 - -55. Calculate the remainder when 107 is divided by o.
26
Suppose 6 + 18 = 2*s. What is the remainder when s is divided by (-65)/(-9) - 2/9?
5
Suppose -4*f + 94 = a, -2*a - f + 96 + 57 = 0. Calculate the remainder when a is divided by 19.
17
Let k(x) = 2*x - 14. What is the remainder when 30 is divided by k(11)?
6
Let k be 1/(-3) + (-55)/15. Let r = k + 9. Suppose 2*n + r = 3*s - 2*n, -4*n - 11 = -5*s. What is the remainder when s is divided by 2?
1
Suppose 3*p - i - 28 = -11, -5*p = 2*i - 32. Calculate the remainder when p is divided by 2.
0
Let z be (-2)/(-6)*4*3. Suppose -s = z*s - 100. Suppose 3*y + 0*y = 33. What is the remainder when s is divided by y?
9
Calculate the remainder when 20 is divided by (-69)/(-23) - 3/(-2)*2.
2
Let p = 34 + -20. Let f = -4 + 6. Calculate the remainder when p is divided by f/(-9) + (-235)/(-45).
4
Suppose 5*c + 49 = 3*j, -2*j - 4*c = 1 + 3. What is the remainder when 14 is divided by j?
6
Let y(o) be the third derivative of 7/30*o**5 + 0 + 4*o**2 + 0*o**3 + 0*o**4 + 0*o. What is the remainder when y(1) is divided by 5?
4
Let d be (-4)/10 - (-201)/15. Let n = -5 + d. Calculate the remainder when 15 is divided by n.
7
Suppose 3*r - 3 = 0, -25 - 25 = -3*b + 4*r. Suppose -4*i + 10 = -3*i. What is the remainder when b is divided by i?
8
What is the remainder when (36/(-16))/(1/(-12)) is divided by 7?
6
Suppose 2*c = -2*c - 12, -c - 108 = -5*z. Let s(a) = -a + 11. Let w(q) = -q**3 + q. Let o be w(-1). What is the remainder when z is divided by s(o)?
10
Let n = -46 + 77. What is the remainder when n is divided by 17?
14
Let i = 28 + -13. What is the remainder when (-15)/2*(-40)/i is divided by 11?
9
Let c = -45 + 76. Let v(y) = -y**3 - 4*y**2 + y - 5. Let j be v(-5). Suppose -l = -1 - j. Calculate the remainder when c is divided by l.
15
Let y(q) = -q**2 - 2 + 3*q**2 + 7 - 2*q - 2*q. Calculate the remainder when y(6) is divided by 14.
11
Suppose 2 = -r, 2*r = 4*p - 4 - 20. Let j(c) = c**3 - 6*c**2 + 3*c + 2. Let d be j(p). What is the remainder when (-46)/d + (-2)/(-8) is divided by 4?
2
Suppose j - 39 = -2*j. Let u = j + 3. Let h(w) = -8*w - 10. Calculate the remainder when h(-7) is divided by u.
14
Let y(t) = -2*t**2 - 32*t + 12. Calculate the remainder when 34 is divided by y(-16).
10
Let i = -6 - -1. Let k be ((-2)/5)/(i/(-25)). Let t(r) = -r**3 + 2*r**2 + r - 1. Calculate the remainder when t(k) is divided by 5.
3
Suppose -52 = -3*p - 7. Suppose d - 4*o = 33, 5*o - 74 = -4*d + 37. What is the remainder when d is divided by p?
14
Suppose -5*a - 4*f = -8, 0 = -3*f + f - 6. What is the remainder when 67 is divided by a/22 - 251/(-11)?
21
Calculate the remainder when 14 is divided by 18/((-8)/(-4))*1.
5
Let m(q) = -q**2 - 6*q + 2. Let r = -101 + 131. What is the remainder when r is divided by m(-3)?
8
Suppose -y = -3*l - 11, -3 = l - 0*l. Suppose 0 = 4*h + 4*d - 32, 2*h = 4*d - 0*d - y. Calculate the remainder when 9 is divided by h.
4
Suppose 4*l - 188 + 132 = 0. What is the remainder when 40 is divided by l?
12
Suppose 2*q - 2*s = 5 + 7, -6 = -3*q - s. Let v be q/(-2)*(-24)/(-3). What is the remainder when 3*(-46)/v*2 is divided by 8?
7
Suppose 5*l - 2*l = 96. Suppose -w + l = 3*w. Let x(r) = r + 12. Calculate the remainder when x(3) is divided by w.
7
Let p(c) = -3 + 2 + 2 + 0 - c. What is the remainder when p(-2) is divided by 2?
1
Let q = 28 - 14. Let l = 3 - 2. Suppose l = r - 4. Calculate the remainder when q is divided by r.
4
Let a(l) = 2*l + 3. Let m be a(0). Suppose -72 = -m*v - 9. What is the remainder when 60 is divided by v?
18
Let g(i) = -5*i**3 + 2*i**2 - 1. What is the remainder when 28 is divided by g(-1)?
4
Let i = -2 - -2. Suppose -5*o + 4*u + 167 = i, -o = 3*o - u - 138. What is the remainder when o is divided by 11 + -2*2/(-4)?
11
Let x(t) = t**3 - 3 - 6*t**2 + 0*t**3 - 7*t - 2*t**3. Let s(l) = 7*l + 2. Let r be s(-1). What is the remainder when x(r) is divided by 3?
1
Let m(s) = 2*s**2 + s + 1. Let f be m(-2). Suppose -f + 53 = 2*l. What is the remainder when 89 is divided by l?
20
Suppose 0 = -2*b + 31 - 11. Suppose 5*i - 170 = -3*a, 0 = 5*i + a + 3*a - 165. Calculate the remainder when i is divided by b.
7
Let a = 22 - 14. Let j = a + -5. Suppose -3*d + 13 + 11 = 0. Calculate the remainder when d is divided by j.
2
Suppose 2*w + 3*w = 0. Let o be (1 - 1)/(w - 1). Suppose -5*r + 5*n = -110, -4*r + 3*n = -o*r - 87. What is the remainder when 61 is divided by r?
19
Let g(b) = -b**3 + 4*b**2 + 3*b + 2. Let t be g(5). Let h(q) = q**2 + 9*q - 9. Let a be h(t). Let u = -10 - a. Calculate the remainder when 20 is divided by u.
6
Let t(b) = 2*b**2 - 2*b + 2. Let n be (1 - 2)/(3/(-6)). Let v be t(n). What is the remainder when ((-6)/(-4))/(3/v) is divided by 2?
1
Calculate the remainder when 107 is divided by (3 + -3 - -4) + 23.
26
Suppose 0 = 2*i + 2*f - 24, 6*i - 3*i + 2*f - 38 = 0. Let c = -2 + 7. Suppose -4*l - c*k = -150, k + 4 = -k. What is the remainder when l is divided by i?
12
Suppose 0 = -x - 185 + 195. What is the remainder when 68 is divided by x?
8
Let z = 246 + -116. Suppose -2*b = 2*c - 76, 3*b